{"id":492,"date":"2023-04-15T15:19:12","date_gmt":"2023-04-15T15:19:12","guid":{"rendered":"https:\/\/aikidocanejan.fr\/?page_id=492"},"modified":"2026-03-22T17:48:40","modified_gmt":"2026-03-22T17:48:40","slug":"m","status":"publish","type":"page","link":"https:\/\/aikidocanejan.fr\/?page_id=492","title":{"rendered":"MEDIAS"},"content":{"rendered":"\n<p>Vos trouverez sur cette page les photographies et vid\u00e9os r\u00e9alis\u00e9es lors de cours, stages, d\u00e9monstrations, interclubs, etc.<\/p>\n\n\n\n<p class=\"has-large-font-size\"><a href=\"https:\/\/www.youtube.com\/channel\/UCJdBMreFEnJeC4Ikn6PnxKw\" target=\"_blank\" rel=\"noreferrer noopener\">La cha\u00eene YOUTUBE du club AikidoCan\u00e9jan<\/a><\/p>\n\n\n\n<figure class=\"wp-block-embed is-type-video is-provider-youtube wp-block-embed-youtube wp-embed-aspect-16-9 wp-has-aspect-ratio\"><div class=\"wp-block-embed__wrapper\">\n<iframe title=\"FFAB Film Rentr\u00e9e 2024 2025\" width=\"1301\" height=\"732\" src=\"https:\/\/www.youtube.com\/embed\/VNkBqOHzo_U?feature=oembed\" frameborder=\"0\" allow=\"accelerometer; autoplay; clipboard-write; encrypted-media; gyroscope; picture-in-picture; web-share\" referrerpolicy=\"strict-origin-when-cross-origin\" allowfullscreen><\/iframe>\n<\/div><\/figure>\n\n\n\n<p><\/p>\n","protected":false},"excerpt":{"rendered":"<p>Vos trouverez sur cette page les photographies et vid\u00e9os r\u00e9alis\u00e9es lors de cours, stages, d\u00e9monstrations, interclubs, etc. La cha\u00eene YOUTUBE du club AikidoCan\u00e9jan<\/p>\n","protected":false},"author":2,"featured_media":402,"parent":0,"menu_order":0,"comment_status":"closed","ping_status":"closed","template":"","meta":{"footnotes":""},"class_list":["post-492","page","type-page","status-publish","has-post-thumbnail","hentry"],"_links":{"self":[{"href":"https:\/\/aikidocanejan.fr\/index.php?rest_route=\/wp\/v2\/pages\/492","targetHints":{"allow":["GET"]}}],"collection":[{"href":"https:\/\/aikidocanejan.fr\/index.php?rest_route=\/wp\/v2\/pages"}],"about":[{"href":"https:\/\/aikidocanejan.fr\/index.php?rest_route=\/wp\/v2\/types\/page"}],"author":[{"embeddable":true,"href":"https:\/\/aikidocanejan.fr\/index.php?rest_route=\/wp\/v2\/users\/2"}],"replies":[{"embeddable":true,"href":"https:\/\/aikidocanejan.fr\/index.php?rest_route=%2Fwp%2Fv2%2Fcomments&post=492"}],"version-history":[{"count":12,"href":"https:\/\/aikidocanejan.fr\/index.php?rest_route=\/wp\/v2\/pages\/492\/revisions"}],"predecessor-version":[{"id":1155,"href":"https:\/\/aikidocanejan.fr\/index.php?rest_route=\/wp\/v2\/pages\/492\/revisions\/1155"}],"wp:featuredmedia":[{"embeddable":true,"href":"https:\/\/aikidocanejan.fr\/index.php?rest_route=\/wp\/v2\/media\/402"}],"wp:attachment":[{"href":"https:\/\/aikidocanejan.fr\/index.php?rest_route=%2Fwp%2Fv2%2Fmedia&parent=492"}],"curies":[{"name":"wp","href":"https:\/\/api.w.org\/{rel}","templated":true}]}}